{"id":1060,"date":"2025-12-01T14:37:35","date_gmt":"2025-12-01T12:37:35","guid":{"rendered":"http:\/\/hep.fuw.edu.pl\/?page_id=1060"},"modified":"2025-12-01T14:37:36","modified_gmt":"2025-12-01T12:37:36","slug":"cwiczenie-018","status":"publish","type":"page","link":"http:\/\/hep.fuw.edu.pl\/index.php\/cwiczenie-018\/","title":{"rendered":"\u0106wiczenia w grupach badawczych (018)"},"content":{"rendered":"\n<h2>Badanie w danych z detektora Compact Muon Solenoid (CMS) stosunk\u00f3w produkcji rezonans\u00f3w \u03b7 , \u03c1 , \u03c9 , \u03d5 , J\/\u03c8<\/h2>\n\n\n\n<p><em>Opiekun: prof. Krzysztof Doroba, email: &#x6b;r&#x7a;&#121;&#x73;&#122;t&#x6f;f&#x2e;&#100;&#x6f;&#114;o&#x62;&#97;&#x40;&#102;u&#x77;&#46;&#x65;&#100;&#x75;&#46;p&#x6c;<\/em><\/p>\n\n\n\n<p>Zjawisko rezonansu jest jednym bardziej interesuj\u0105cych zjawisk w fizyce. Jego uniwersalny opis stosuje si\u0119 zar\u00f3wno do destrukcyjnych drga\u0144 mostu pod wp\u0142ywem odpowiedniej si\u0142y wymuszaj\u0105cej jak i powstawanie nowych obiekt\u00f3w w zderzeniach cz\u0105stek elementarnych o odpowiedniej energii. Ilo\u015bciowe badania tych ostatnich pozwalaj\u0105 na jako\u015bciowe sprawdzenie zrozumienia oddzia\u0142ywa\u0144 zderzaj\u0105cych si\u0119 obiekt\u00f3w i w konsekwencji budow\u0119 bardziej precyzyjnych modeli oddzia\u0142ywa\u0144.<br>Tre\u015bci\u0105 \u0107wiczenia jest analiza rozk\u0142adu masy efektywnej dw\u00f3ch mion\u00f3w pochodz\u0105cych ze zbioru (ROOT file) zawieraj\u0105cego dwa lub wi\u0119cej miony z oko\u0142o 100 000 przypadk\u00f3w oddzia\u0142ywa\u0144 pp przy ca\u0142kowitej energii 13 TeV. Jako punkt wyj\u015bciowy do wykonania \u0107wiczenia dost\u0119pny jest program (C++), kt\u00f3ry odczytuje wspomniane zbiory i tworzy histogram p\u0119du poprzecznego mion\u00f3w. Zadanie pozwala po\u0142\u0105czy\u0107 otrzymane rozk\u0142ady masy efektywnej, rozk\u0142ady w p\u0119dzie pod\u0142u\u017cnym i poprzecznym z elementarn\u0105 wiedz\u0105 na temat funkcji struktury protonu, sta\u0142ych sprz\u0119\u017cenia i graf\u00f3w Feynmana.<\/p>\n\n\n\n<p><\/p>\n","protected":false},"excerpt":{"rendered":"<p>Badanie w danych z detektora Compact Muon Solenoid (CMS) stosunk\u00f3w produkcji rezonans\u00f3w \u03b7 , \u03c1 , \u03c9 , \u03d5 , J\/\u03c8 Opiekun: prof. Krzysztof Doroba, email: &#107;&#114;&#x7a;y&#115;&#x7a;&#x74;o&#102;&#x2e;&#x64;o&#114;&#x6f;&#x62;a&#64;&#x66;&#x75;w&#46;&#x65;&#x64;u&#46;&#x70;l Zjawisko rezonansu jest jednym bardziej interesuj\u0105cych zjawisk w fizyce. Jego uniwersalny opis stosuje si\u0119 zar\u00f3wno do destrukcyjnych drga\u0144 mostu pod wp\u0142ywem odpowiedniej si\u0142y wymuszaj\u0105cej jak i powstawanie nowych &hellip; <\/p>\n<p class=\"link-more\"><a href=\"http:\/\/hep.fuw.edu.pl\/index.php\/cwiczenie-018\/\" class=\"more-link\">Czytaj dalej<span class=\"screen-reader-text\"> \u0106wiczenia w grupach badawczych (018)<\/span><\/a><\/p>\n","protected":false},"author":4,"featured_media":0,"parent":0,"menu_order":0,"comment_status":"closed","ping_status":"closed","template":"","meta":[],"_links":{"self":[{"href":"http:\/\/hep.fuw.edu.pl\/index.php\/wp-json\/wp\/v2\/pages\/1060"}],"collection":[{"href":"http:\/\/hep.fuw.edu.pl\/index.php\/wp-json\/wp\/v2\/pages"}],"about":[{"href":"http:\/\/hep.fuw.edu.pl\/index.php\/wp-json\/wp\/v2\/types\/page"}],"author":[{"embeddable":true,"href":"http:\/\/hep.fuw.edu.pl\/index.php\/wp-json\/wp\/v2\/users\/4"}],"replies":[{"embeddable":true,"href":"http:\/\/hep.fuw.edu.pl\/index.php\/wp-json\/wp\/v2\/comments?post=1060"}],"version-history":[{"count":1,"href":"http:\/\/hep.fuw.edu.pl\/index.php\/wp-json\/wp\/v2\/pages\/1060\/revisions"}],"predecessor-version":[{"id":1061,"href":"http:\/\/hep.fuw.edu.pl\/index.php\/wp-json\/wp\/v2\/pages\/1060\/revisions\/1061"}],"wp:attachment":[{"href":"http:\/\/hep.fuw.edu.pl\/index.php\/wp-json\/wp\/v2\/media?parent=1060"}],"curies":[{"name":"wp","href":"https:\/\/api.w.org\/{rel}","templated":true}]}}