{"id":186,"date":"2017-08-17T17:04:16","date_gmt":"2017-08-17T15:04:16","guid":{"rendered":"http:\/\/hep.fuw.edu.pl\/zctest\/?page_id=186"},"modified":"2017-08-31T15:18:56","modified_gmt":"2017-08-31T13:18:56","slug":"grupa-neutrinowa-eksperymenty-minos-super-kamiokande-t2k","status":"publish","type":"page","link":"http:\/\/hep.fuw.edu.pl\/index.php\/badania\/grupa-neutrinowa-eksperymenty-minos-super-kamiokande-t2k\/","title":{"rendered":"GRUPA NEUTRINOWA\u00a0 (eksperymenty\u00a0Minos+\u00a0,\u00a0Super-Kamiokande\u00a0,\u00a0T2K)"},"content":{"rendered":"<p><img loading=\"lazy\" class=\"alignnone size-full wp-image-104\" src=\"http:\/\/hep.fuw.edu.pl\/zctest\/wp-content\/uploads\/2017\/08\/SuperK.jpg\" alt=\"\" width=\"790\" height=\"529\" srcset=\"http:\/\/hep.fuw.edu.pl\/wp-content\/uploads\/2017\/08\/SuperK.jpg 790w, http:\/\/hep.fuw.edu.pl\/wp-content\/uploads\/2017\/08\/SuperK-300x201.jpg 300w, http:\/\/hep.fuw.edu.pl\/wp-content\/uploads\/2017\/08\/SuperK-768x514.jpg 768w, http:\/\/hep.fuw.edu.pl\/wp-content\/uploads\/2017\/08\/SuperK-978x654.jpg 978w\" sizes=\"(max-width: 767px) 89vw, (max-width: 1000px) 54vw, (max-width: 1071px) 543px, 580px\" \/><\/p>\n<p style=\"text-align: justify;\">Neutrina to jedne z najbardziej tajemniczych cz\u0105stek elementarnych. Niezwykle lekkie i przenikliwe, zmieniaj\u0105ce swoje w\u0142asno\u015bci w trakcie propagacji (zjawisko oscylacji neutrin), stanowi\u0105 obiekt bada\u0144 fizyk\u00f3w z ca\u0142ego \u015bwiata,<\/p>\n<ul>\n<li><a href=\"http:\/\/neutrino.fuw.edu.pl\/\" target=\"_blank\" rel=\"noopener\">GRUPA NEUTRINOWA\u00a0<\/a> z UW bierze udzia\u0142 w badaniach neutrin w ramach nast\u0119puj\u0105cych mi\u0119dzynarodowych eksperyment\u00f3w:<\/li>\n<li><a href=\"http:\/\/t2k-experiment.org\/\" target=\"_blank\" rel=\"noopener\">T2K<\/a> (Tokai-to-Kamioka) &#8211; eksperyment badaj\u0105cy oscylacje neutrin akceleratorowych, zlokalizowany w Japonii<\/li>\n<li><a href=\"http:\/\/www.fuw.edu.pl\/~minos\" target=\"_blank\" rel=\"noopener\">Minos+<\/a> &#8211; Eksperyment wykorzystuj\u0105cy wi\u0105zk\u0119 neutrin z laboratorium Fermilab (pod Chicago) i dwa detektory: mniejszy umieszczony w Fermilabie i wi\u0119kszy w kopalni Soudan w Minnesocie.<\/li>\n<li><a href=\"http:\/\/www-sk.icrr.u-tokyo.ac.jp\/sk\/index-e.html\" target=\"_blank\" rel=\"noopener\">Super-Kamiokande\u00a0<\/a><\/li>\n<li>Grupa zaanga\u017cowana jest r\u00f3wnie\u017c w eksperyment <a href=\"https:\/\/shine.web.cern.ch\" target=\"_blank\" rel=\"noopener\">NA61 SHINE<\/a>, kt\u00f3rego wyniki oddzia\u0142ywa\u0144 hadron\u00f3w wykorzystywane s\u0105 w T2K.<\/li>\n<\/ul>\n","protected":false},"excerpt":{"rendered":"<p>Neutrina to jedne z najbardziej tajemniczych cz\u0105stek elementarnych. Niezwykle lekkie i przenikliwe, zmieniaj\u0105ce swoje w\u0142asno\u015bci w trakcie propagacji (zjawisko oscylacji neutrin), stanowi\u0105 obiekt bada\u0144 fizyk\u00f3w z ca\u0142ego \u015bwiata, GRUPA NEUTRINOWA\u00a0 z UW bierze udzia\u0142 w badaniach neutrin w ramach nast\u0119puj\u0105cych mi\u0119dzynarodowych eksperyment\u00f3w: T2K (Tokai-to-Kamioka) &#8211; eksperyment badaj\u0105cy oscylacje neutrin akceleratorowych, zlokalizowany w Japonii Minos+ &#8211; &hellip; <\/p>\n<p class=\"link-more\"><a href=\"http:\/\/hep.fuw.edu.pl\/index.php\/badania\/grupa-neutrinowa-eksperymenty-minos-super-kamiokande-t2k\/\" class=\"more-link\">Czytaj dalej<span class=\"screen-reader-text\"> GRUPA NEUTRINOWA\u00a0 (eksperymenty\u00a0Minos+\u00a0,\u00a0Super-Kamiokande\u00a0,\u00a0T2K)<\/span><\/a><\/p>\n","protected":false},"author":2,"featured_media":0,"parent":72,"menu_order":0,"comment_status":"closed","ping_status":"closed","template":"","meta":[],"_links":{"self":[{"href":"http:\/\/hep.fuw.edu.pl\/index.php\/wp-json\/wp\/v2\/pages\/186"}],"collection":[{"href":"http:\/\/hep.fuw.edu.pl\/index.php\/wp-json\/wp\/v2\/pages"}],"about":[{"href":"http:\/\/hep.fuw.edu.pl\/index.php\/wp-json\/wp\/v2\/types\/page"}],"author":[{"embeddable":true,"href":"http:\/\/hep.fuw.edu.pl\/index.php\/wp-json\/wp\/v2\/users\/2"}],"replies":[{"embeddable":true,"href":"http:\/\/hep.fuw.edu.pl\/index.php\/wp-json\/wp\/v2\/comments?post=186"}],"version-history":[{"count":7,"href":"http:\/\/hep.fuw.edu.pl\/index.php\/wp-json\/wp\/v2\/pages\/186\/revisions"}],"predecessor-version":[{"id":304,"href":"http:\/\/hep.fuw.edu.pl\/index.php\/wp-json\/wp\/v2\/pages\/186\/revisions\/304"}],"up":[{"embeddable":true,"href":"http:\/\/hep.fuw.edu.pl\/index.php\/wp-json\/wp\/v2\/pages\/72"}],"wp:attachment":[{"href":"http:\/\/hep.fuw.edu.pl\/index.php\/wp-json\/wp\/v2\/media?parent=186"}],"curies":[{"name":"wp","href":"https:\/\/api.w.org\/{rel}","templated":true}]}}