{"id":196,"date":"2017-08-17T17:06:18","date_gmt":"2017-08-17T15:06:18","guid":{"rendered":"http:\/\/hep.fuw.edu.pl\/zctest\/?page_id=196"},"modified":"2017-09-01T08:14:30","modified_gmt":"2017-09-01T06:14:30","slug":"eksperyment-quest","status":"publish","type":"page","link":"http:\/\/hep.fuw.edu.pl\/index.php\/badania\/eksperyment-quest\/","title":{"rendered":"EKSPERYMENT QUEST"},"content":{"rendered":"<p style=\"text-align: justify;\">Badanie spinowych korelacji kwantowych relatywistycznych par elektron\u00f3w. QUEST jest eksperymentem, w ramach kt\u00f3rego planowany jest pomiar relatywistycznych kwantowych korelacji spinowych w rozpraszaniu M\u00f8llera e-e- \u00e0 e-e- przy energiach rz\u0119du kilku MeV. Celem tych pomiar\u00f3w jest zweryfikowanie przewidywa\u0144 teoretycznych dotycz\u0105cych spinowych funkcji korelacji i wyci\u0105gni\u0119cie wniosk\u00f3w na temat niekt\u00f3rych fundamentalnych poj\u0119\u0107 relatywistycznej mechaniki kwantowej (spin, spl\u0105tanie, nielokalno\u015b\u0107). Pomiar rzut\u00f3w spinu rozproszonych elektron\u00f3w planowany jest metod\u0105 polarymetrii Motta. Projekt znajduje si\u0119 w stadium rozwoju \u2013 dedykowany do tego celu polarymetr oraz metodologia analizy danych opracowywane s\u0105 aktualnie na podstawie symulacji (Geant4). Pomiary odb\u0119d\u0105 si\u0119 na wi\u0105zce spolaryzowanych elektron\u00f3w o energii 3 MeV w Technische Universitaet Darmstadt. mA to by\u0107 pierwszy na \u015bwiecie pomiar relatywistycznych korelacji spinowych dla cz\u0105stek obdarzonych mas\u0105. Jest to eksperyment w ma\u0142ej skali \u2013 polarymetr wraz z detektorami zmie\u015bci si\u0119 w obj\u0119to\u015bci ok. 1 metra sze\u015bciennego.<\/p>\n<p>&nbsp;<\/p>\n","protected":false},"excerpt":{"rendered":"<p>Badanie spinowych korelacji kwantowych relatywistycznych par elektron\u00f3w. QUEST jest eksperymentem, w ramach kt\u00f3rego planowany jest pomiar relatywistycznych kwantowych korelacji spinowych w rozpraszaniu M\u00f8llera e-e- \u00e0 e-e- przy energiach rz\u0119du kilku MeV. Celem tych pomiar\u00f3w jest zweryfikowanie przewidywa\u0144 teoretycznych dotycz\u0105cych spinowych funkcji korelacji i wyci\u0105gni\u0119cie wniosk\u00f3w na temat niekt\u00f3rych fundamentalnych poj\u0119\u0107 relatywistycznej mechaniki kwantowej (spin, spl\u0105tanie, &hellip; <\/p>\n<p class=\"link-more\"><a href=\"http:\/\/hep.fuw.edu.pl\/index.php\/badania\/eksperyment-quest\/\" class=\"more-link\">Czytaj dalej<span class=\"screen-reader-text\"> EKSPERYMENT QUEST<\/span><\/a><\/p>\n","protected":false},"author":2,"featured_media":0,"parent":72,"menu_order":0,"comment_status":"closed","ping_status":"closed","template":"","meta":[],"_links":{"self":[{"href":"http:\/\/hep.fuw.edu.pl\/index.php\/wp-json\/wp\/v2\/pages\/196"}],"collection":[{"href":"http:\/\/hep.fuw.edu.pl\/index.php\/wp-json\/wp\/v2\/pages"}],"about":[{"href":"http:\/\/hep.fuw.edu.pl\/index.php\/wp-json\/wp\/v2\/types\/page"}],"author":[{"embeddable":true,"href":"http:\/\/hep.fuw.edu.pl\/index.php\/wp-json\/wp\/v2\/users\/2"}],"replies":[{"embeddable":true,"href":"http:\/\/hep.fuw.edu.pl\/index.php\/wp-json\/wp\/v2\/comments?post=196"}],"version-history":[{"count":4,"href":"http:\/\/hep.fuw.edu.pl\/index.php\/wp-json\/wp\/v2\/pages\/196\/revisions"}],"predecessor-version":[{"id":319,"href":"http:\/\/hep.fuw.edu.pl\/index.php\/wp-json\/wp\/v2\/pages\/196\/revisions\/319"}],"up":[{"embeddable":true,"href":"http:\/\/hep.fuw.edu.pl\/index.php\/wp-json\/wp\/v2\/pages\/72"}],"wp:attachment":[{"href":"http:\/\/hep.fuw.edu.pl\/index.php\/wp-json\/wp\/v2\/media?parent=196"}],"curies":[{"name":"wp","href":"https:\/\/api.w.org\/{rel}","templated":true}]}}