{"id":393,"date":"2019-12-28T00:03:21","date_gmt":"2019-12-27T22:03:21","guid":{"rendered":"http:\/\/hep.fuw.edu.pl\/?page_id=393"},"modified":"2024-10-25T23:45:00","modified_gmt":"2024-10-25T21:45:00","slug":"cwiczenie-004","status":"publish","type":"page","link":"http:\/\/hep.fuw.edu.pl\/index.php\/cwiczenie-004\/","title":{"rendered":"\u0106wiczenia w grupach badawczych (004)"},"content":{"rendered":"<p><strong>Poszukiwanie przypadk\u00f3w z produkcj\u0105 nowych egzotycznych cz\u0105stek w przysz\u0142ych fabrykach Higgsa<\/strong><br \/>\n<em>opiekun: prof. dr hab Aleksander Filip \u017barnecki, email: &#122;&#x61;&#114;&#x6e;&#101;&#x63;&#107;&#x69;&#64;&#x66;u&#x77;&#46;&#x65;d&#117;&#x2e;&#112;&#x6c;<\/em><\/p>\n<p style=\"text-align: justify;\">Obecnie rozwa\u017cane jest kilka propozycji zderzaczy elektron-pozyton, tzw. fabryk Higgsa, uwa\u017canych za najbardziej priorytetowy przysz\u0142y projekt fizyki cz\u0105stek. Ich g\u0142\u00f3wnym zadaniem b\u0119d\u0105 precyzyjne pomiary bozonu Higgza, kwarku top i oddzia\u0142ywa\u0144 elektros\u0142abych, ale b\u0119d\u0105 te\u017c umo\u017cliwia\u0142y poszukiwanie nowych egzotycznych zjawisk. Szereg modeli teoretycznych przewiduje istnienie nowych cz\u0105stek, kt\u00f3re mog\u0142yby by\u0107 zaobserwowane w przysz\u0142ych zderzaczach e+e-. Badane ostatnio w ramach naszej grupy by\u0142y procesy z produkcj\u0105 ci\u0119\u017ckich neutrin, egzotycznych cz\u0105stek d\u0142ugo\u017cyciowych i lekkich skalar\u00f3w.\u00a0 Celem \u0107wiczenia by\u0142oby przeprowadzenie analizy wynik\u00f3w symulacji komputerowej procesu produkcji nowych egzotycznych cz\u0105stek w ramach wybranego modelu teoretycznego, a nast\u0119pnie pr\u00f3ba optymalizacji procedury odr\u00f3\u017cniaj\u0105cej tego typu przypadki od t\u0142a przypadk\u00f3w Modelu Standardowego. Ostatecznym wynikiem powinna by\u0107 oczekiwana w rozwa\u017canym kanale precyzja pomiaru albo oczekiwane ograniczenia jakie b\u0119dzie mo\u017cna wyznaczy\u0107 na poziom sygna\u0142u lub parametry modelu. \u0106wiczenie wymaga dobrej znajomo\u015bci programowania i metod numerycznych.<\/p>\n<p style=\"text-align: justify;\">Wi\u0119cej informacji:<\/p>\n<ul>\n<li>Praca opisuj\u0105ca poszukiwanie egzotycznych cz\u0105stek d\u0142ugo\u017cyciowych w ILC: <a href=\"https:\/\/arxiv.org\/abs\/2409.13492\">arXiv:2409.13492 <\/a><\/li>\n<li>Prace opisuj\u0105ce perspektywy poszukiwania ci\u0119\u017ckich neutrin w przysz\u0142ych zderzaczach e+e-: K. Mekala et al., JHEP 06 (2022) 010, <a href=\"https:\/\/arxiv.org\/abs\/2202.06703\">arXiv:2202.06703<\/a>, K. Mekala et al., JHEP 03 (2024) 075, arXiv: <a href=\"https:\/\/arxiv.org\/abs\/2312.05223\">2312.05223<\/a><\/li>\n<li>Praca opisuj\u0105ca perspektywy poszukiwania produkcji ciemnej materii w kanale &#8222;mono-photon&#8221; w ILC i CLIC: J. Kalinowski et al., <i>Eur.Phys.J.C<\/i> 81 (2021) 10, 955,\u00a0 <a href=\"https:\/\/arxiv.org\/abs\/2107.11194\">arXiv:2107.11194<\/a><\/li>\n<li>Praca opisuj\u0105ca perspektywy odkrycia cz\u0105stek modelu IDM w CLIC:<br \/>\nJ. Kalinowski et al., <em>Exploring Inert Scalars at CLIC<\/em>, JHEP 1907 (2019) 053, <a href=\"https:\/\/arxiv.org\/abs\/1811.06952\">arXiv:1811.06952<\/a><\/li>\n<\/ul>\n","protected":false},"excerpt":{"rendered":"<p>Poszukiwanie przypadk\u00f3w z produkcj\u0105 nowych egzotycznych cz\u0105stek w przysz\u0142ych fabrykach Higgsa opiekun: prof. dr hab Aleksander Filip \u017barnecki, email: &#x7a;&#x61;&#x72;&#x6e;&#x65;&#x63;&#107;&#105;&#64;&#102;uw&#46;e&#x64;&#x75;&#x2e;&#x70;&#x6c; Obecnie rozwa\u017cane jest kilka propozycji zderzaczy elektron-pozyton, tzw. fabryk Higgsa, uwa\u017canych za najbardziej priorytetowy przysz\u0142y projekt fizyki cz\u0105stek. Ich g\u0142\u00f3wnym zadaniem b\u0119d\u0105 precyzyjne pomiary bozonu Higgza, kwarku top i oddzia\u0142ywa\u0144 elektros\u0142abych, ale b\u0119d\u0105 te\u017c umo\u017cliwia\u0142y &hellip; <\/p>\n<p class=\"link-more\"><a href=\"http:\/\/hep.fuw.edu.pl\/index.php\/cwiczenie-004\/\" class=\"more-link\">Czytaj dalej<span class=\"screen-reader-text\"> \u0106wiczenia w grupach badawczych (004)<\/span><\/a><\/p>\n","protected":false},"author":4,"featured_media":0,"parent":0,"menu_order":0,"comment_status":"closed","ping_status":"closed","template":"","meta":[],"_links":{"self":[{"href":"http:\/\/hep.fuw.edu.pl\/index.php\/wp-json\/wp\/v2\/pages\/393"}],"collection":[{"href":"http:\/\/hep.fuw.edu.pl\/index.php\/wp-json\/wp\/v2\/pages"}],"about":[{"href":"http:\/\/hep.fuw.edu.pl\/index.php\/wp-json\/wp\/v2\/types\/page"}],"author":[{"embeddable":true,"href":"http:\/\/hep.fuw.edu.pl\/index.php\/wp-json\/wp\/v2\/users\/4"}],"replies":[{"embeddable":true,"href":"http:\/\/hep.fuw.edu.pl\/index.php\/wp-json\/wp\/v2\/comments?post=393"}],"version-history":[{"count":12,"href":"http:\/\/hep.fuw.edu.pl\/index.php\/wp-json\/wp\/v2\/pages\/393\/revisions"}],"predecessor-version":[{"id":1155,"href":"http:\/\/hep.fuw.edu.pl\/index.php\/wp-json\/wp\/v2\/pages\/393\/revisions\/1155"}],"wp:attachment":[{"href":"http:\/\/hep.fuw.edu.pl\/index.php\/wp-json\/wp\/v2\/media?parent=393"}],"curies":[{"name":"wp","href":"https:\/\/api.w.org\/{rel}","templated":true}]}}