{"id":401,"date":"2019-12-28T00:09:46","date_gmt":"2019-12-27T22:09:46","guid":{"rendered":"http:\/\/hep.fuw.edu.pl\/?page_id=401"},"modified":"2023-11-17T13:26:38","modified_gmt":"2023-11-17T11:26:38","slug":"cwiczenie-008","status":"publish","type":"page","link":"http:\/\/hep.fuw.edu.pl\/index.php\/cwiczenie-008\/","title":{"rendered":"\u0106wiczenia w grupach badawczych (008)"},"content":{"rendered":"<p><strong>Pomiar radioaktywnosci naturalnej i promieniowania kosmicznego za pomoca detektora Cosmic Watch,<\/strong><br \/>\n<em>opiekun: prof. dr hab. Krzysztof Doroba (&#107;r&#x7a;y&#x73;z&#x74;&#111;&#x66;&#46;&#x64;&#111;r&#x6f;b&#x61;&#64;&#x66;&#117;&#x77;&#46;&#x65;&#100;&#x75;&#46;p&#x6c;)<br \/>\n<\/em><\/p>\n<p style=\"text-align: justify;\">Cosmic Watch jest kieszonkowym detektorem promieniowania kosmicznego, opracowanym w oparciu o technologie pomiarowe du\u017cych projekt\u00f3w badawczych z dziedziny fizyki cz\u0105stek elementarnych (w tym wypadku detektora neutrin IceCube). W ramach \u0107wiczenia student zapozna si\u0119 z prost\u0105 aparatur\u0105 pomiarow\u0105 oraz metodami detekcji radioaktywno\u015bci naturalnej i prominiowania kosmicznego. Realizacja \u0107wiczenia wymaga znajomo\u015bci podstawowych narz\u0119dzi analizy danych (np. ROOT, pyROOT, gnuplot).<\/p>\n","protected":false},"excerpt":{"rendered":"<p>Pomiar radioaktywnosci naturalnej i promieniowania kosmicznego za pomoca detektora Cosmic Watch, opiekun: prof. dr hab. Krzysztof Doroba (k&#114;&#122;&#x79;&#x73;&#x7a;&#x74;o&#102;&#46;&#100;&#x6f;&#x72;&#x6f;ba&#64;&#102;&#x75;&#x77;&#x2e;ed&#117;&#46;&#x70;&#x6c;) Cosmic Watch jest kieszonkowym detektorem promieniowania kosmicznego, opracowanym w oparciu o technologie pomiarowe du\u017cych projekt\u00f3w badawczych z dziedziny fizyki cz\u0105stek elementarnych (w tym wypadku detektora neutrin IceCube). W ramach \u0107wiczenia student zapozna si\u0119 z prost\u0105 aparatur\u0105 pomiarow\u0105 &hellip; <\/p>\n<p class=\"link-more\"><a href=\"http:\/\/hep.fuw.edu.pl\/index.php\/cwiczenie-008\/\" class=\"more-link\">Czytaj dalej<span class=\"screen-reader-text\"> \u0106wiczenia w grupach badawczych (008)<\/span><\/a><\/p>\n","protected":false},"author":4,"featured_media":0,"parent":0,"menu_order":0,"comment_status":"closed","ping_status":"closed","template":"","meta":[],"_links":{"self":[{"href":"http:\/\/hep.fuw.edu.pl\/index.php\/wp-json\/wp\/v2\/pages\/401"}],"collection":[{"href":"http:\/\/hep.fuw.edu.pl\/index.php\/wp-json\/wp\/v2\/pages"}],"about":[{"href":"http:\/\/hep.fuw.edu.pl\/index.php\/wp-json\/wp\/v2\/types\/page"}],"author":[{"embeddable":true,"href":"http:\/\/hep.fuw.edu.pl\/index.php\/wp-json\/wp\/v2\/users\/4"}],"replies":[{"embeddable":true,"href":"http:\/\/hep.fuw.edu.pl\/index.php\/wp-json\/wp\/v2\/comments?post=401"}],"version-history":[{"count":3,"href":"http:\/\/hep.fuw.edu.pl\/index.php\/wp-json\/wp\/v2\/pages\/401\/revisions"}],"predecessor-version":[{"id":1077,"href":"http:\/\/hep.fuw.edu.pl\/index.php\/wp-json\/wp\/v2\/pages\/401\/revisions\/1077"}],"wp:attachment":[{"href":"http:\/\/hep.fuw.edu.pl\/index.php\/wp-json\/wp\/v2\/media?parent=401"}],"curies":[{"name":"wp","href":"https:\/\/api.w.org\/{rel}","templated":true}]}}