{"id":52,"date":"2017-07-25T13:31:05","date_gmt":"2017-07-25T13:31:05","guid":{"rendered":"http:\/\/hep.fuw.edu.pl\/zctest\/?page_id=52"},"modified":"2023-01-17T19:25:07","modified_gmt":"2023-01-17T17:25:07","slug":"o-zakladzie-polski","status":"publish","type":"page","link":"http:\/\/hep.fuw.edu.pl\/index.php\/o-zakladzie-polski\/","title":{"rendered":"O Zak\u0142adzie"},"content":{"rendered":"\n<p>Do\u015bwiadczalne badania w dziedzinie \ufb01zyki cz\u0105stek elementarnych prowadzone s\u0105 na Uniwersytecie Warszawskim od roku 1952. Prof. Marian Danysz i prof. Jerzy Pniewski stworzyli wtedy grup\u0119 badaj\u0105c\u0105 oddzia\u0142ywania promieniowania kosmicznego w emulsji j\u0105drowej. Dzisiaj poznawanie elementarnych sk\u0142adnik\u00f3w Wszech\u015bwiata i praw rz\u0105dz\u0105cych ich oddzia\u0142ywaniami wymaga u\u017cycia ogromnych urz\u0105dze\u0144 badawczych i infrastruktury dost\u0119pnej tylko w nielicznych miejscach na \u015bwiecie. Fizycy Zak\u0142adu Cz\u0105stek i Oddzia\u0142ywa\u0144 Fundamentalnych (ZCiOF) prowadz\u0105 badania w wielu mi\u0119dzynarodowych o\u015brodkach naukowych, jak m.in. CERN w Genewie, DESY w Hamburgu, FNAL i BNL w USA, KEK i ICRR w Japonii. Badania prowadzone s\u0105 w du\u017cych mi\u0119dzynarodowych zespo\u0142ach badawczych, a uczestnictwo w nich wymaga \u015bcis\u0142ej wsp\u00f3\u0142pracy z innymi krajowymi jednostkami naukowymi i akademickimi, w szczeg\u00f3lno\u015bci z Narodowym Centrum Bada\u0144 J\u0105drowych w \u015awierku, Politechnik\u0105 Warszawsk\u0105, Instytutem Fizyki J\u0105drowej PAN i Akademi\u0105 G\u00f3rniczo-Hutnicz\u0105 w Krakowie oraz z Uniwersytetem \u015al\u0105skim. Zakres bada\u0144 jest bardzo szeroki: od badania w\u0142asno\u015bci i oddzia\u0142ywa\u0144 obiekt\u00f3w wchodz\u0105cych w sk\u0142ad tzw. Modelu Standardowego budowy materii (kwarki, gluony, elektrony, miony, taony, neutrina, cz\u0105stka Higgsa) po poszukiwania nowych efekt\u00f3w i obiekt\u00f3w, mog\u0105cych potwierdzi\u0107 hipotezy i modele ewolucji Wszech\u015bwiata oraz wyja\u015bni\u0107 obserwacje dotycz\u0105ce jego budowy.<\/p>\n\n\n\n<p><\/p>\n","protected":false},"excerpt":{"rendered":"<p>Do\u015bwiadczalne badania w dziedzinie \ufb01zyki cz\u0105stek elementarnych prowadzone s\u0105 na Uniwersytecie Warszawskim od roku 1952. Prof. Marian Danysz i prof. Jerzy Pniewski stworzyli wtedy grup\u0119 badaj\u0105c\u0105 oddzia\u0142ywania promieniowania kosmicznego w emulsji j\u0105drowej. Dzisiaj poznawanie elementarnych sk\u0142adnik\u00f3w Wszech\u015bwiata i praw rz\u0105dz\u0105cych ich oddzia\u0142ywaniami wymaga u\u017cycia ogromnych urz\u0105dze\u0144 badawczych i infrastruktury dost\u0119pnej tylko w nielicznych miejscach na &hellip; <\/p>\n<p class=\"link-more\"><a href=\"http:\/\/hep.fuw.edu.pl\/index.php\/o-zakladzie-polski\/\" class=\"more-link\">Czytaj dalej<span class=\"screen-reader-text\"> O Zak\u0142adzie<\/span><\/a><\/p>\n","protected":false},"author":2,"featured_media":0,"parent":0,"menu_order":0,"comment_status":"closed","ping_status":"closed","template":"","meta":[],"_links":{"self":[{"href":"http:\/\/hep.fuw.edu.pl\/index.php\/wp-json\/wp\/v2\/pages\/52"}],"collection":[{"href":"http:\/\/hep.fuw.edu.pl\/index.php\/wp-json\/wp\/v2\/pages"}],"about":[{"href":"http:\/\/hep.fuw.edu.pl\/index.php\/wp-json\/wp\/v2\/types\/page"}],"author":[{"embeddable":true,"href":"http:\/\/hep.fuw.edu.pl\/index.php\/wp-json\/wp\/v2\/users\/2"}],"replies":[{"embeddable":true,"href":"http:\/\/hep.fuw.edu.pl\/index.php\/wp-json\/wp\/v2\/comments?post=52"}],"version-history":[{"count":8,"href":"http:\/\/hep.fuw.edu.pl\/index.php\/wp-json\/wp\/v2\/pages\/52\/revisions"}],"predecessor-version":[{"id":962,"href":"http:\/\/hep.fuw.edu.pl\/index.php\/wp-json\/wp\/v2\/pages\/52\/revisions\/962"}],"wp:attachment":[{"href":"http:\/\/hep.fuw.edu.pl\/index.php\/wp-json\/wp\/v2\/media?parent=52"}],"curies":[{"name":"wp","href":"https:\/\/api.w.org\/{rel}","templated":true}]}}