{"id":72,"date":"2017-08-02T12:30:36","date_gmt":"2017-08-02T12:30:36","guid":{"rendered":"http:\/\/hep.fuw.edu.pl\/zctest\/?page_id=72"},"modified":"2020-01-30T17:35:35","modified_gmt":"2020-01-30T15:35:35","slug":"badania","status":"publish","type":"page","link":"http:\/\/hep.fuw.edu.pl\/index.php\/badania\/","title":{"rendered":"Badania"},"content":{"rendered":"<p>Pracownicy Zak\u0142adu prowadz\u0105 badania w ramach nast\u0119puj\u0105cych grup\u00a0badawczych:<\/p>\n<p>&nbsp;<\/p>\n<ul>\n<li><a href=\"http:\/\/hep.fuw.edu.pl\/index.php\/badania\/eksperyment-cms-przy-akceleratorze-lhc\/\">Eksperyment CMS przy LHC<\/a> &#8212; udzia\u0142 w zbieraniu i analizie danych ze zderze\u0144 hadron\u00f3w w akceleratorze LHC w CERN<\/li>\n<li><a href=\"http:\/\/hep.fuw.edu.pl\/index.php\/badania\/grupa-neutrinowa-eksperymenty-minos-super-kamiokande-t2k\/\">Grupa Neutrinowa<\/a> &#8212; udzia\u0142 w badaniach neutrin w ramach wielu mi\u0119dzynarodowych eksperyment\u00f3w<\/li>\n<li><a href=\"http:\/\/hep.fuw.edu.pl\/index.php\/badania\/eksperyment-na61-shine\/\">Eksperyment NA61\/SHINE<\/a> &#8212;\u00a0badania skupiaj\u0105 si\u0119 wok\u00f3\u0142 zderze\u0144 ci\u0119\u017ckich jon\u00f3w przy akceleratorze SPS w laboratorium CERN.<\/li>\n<li><a href=\"http:\/\/hep.fuw.edu.pl\/index.php\/badania\/eksperyment-mpd-przy-akceleratorze-nica\/\">Eksperyment MPD przy akceleratorze NICA<\/a> &#8212;\u00a0Mutli-Purpose Detector jest budowany przy obecnie powstaj\u0105cym zderzaczu ci\u0119\u017ckich jon\u00f3w NICA w Zjednoczonym Instytucie Bada\u0144 J\u0105drowych w Dubnej (Rosja).<\/li>\n<li><a href=\"http:\/\/hep.fuw.edu.pl\/index.php\/badania\/eksperyment-compass-przy-akceleratorze-sps\/\">COMPASS<\/a> &#8212;\u00a0\u00a0badania nad\u00a0tzw. zagadk\u0105 spinu nukleonu<\/li>\n<li><a href=\"http:\/\/hep.fuw.edu.pl\/index.php\/badania\/pi-of-the-sky\/\">Pi Of the Sky<\/a> &#8212;\u00a0ci\u0105g\u0142e obserwacje nocnego nieba z wysok\u0105 rozdzielczo\u015bci\u0105 czasow\u0105<\/li>\n<li><a href=\"http:\/\/hep.fuw.edu.pl\/index.php\/badania\/ilc\/\">ILC\/CLIC<\/a> &#8212; praca nad projektami przysz\u0142ych zderzaczy cz\u0105stek<\/li>\n<li><a href=\"http:\/\/hep.fuw.edu.pl\/index.php\/badania\/zeus-2\/\">ZEUS<\/a> &#8212; analiza dostepnych danych z pomiar\u00f3w g\u0142\u0119boko nieelastycznego rozpraszania elektron-proton<\/li>\n<li><a href=\"http:\/\/hep.fuw.edu.pl\/index.php\/badania\/eksperyment-quest\/\">QUEST<\/a> &#8212; badanie spinowych korelacji kwantowych relatywistycznych par elektron\u00f3w<\/li>\n<\/ul>\n","protected":false},"excerpt":{"rendered":"<p>Pracownicy Zak\u0142adu prowadz\u0105 badania w ramach nast\u0119puj\u0105cych grup\u00a0badawczych: &nbsp; Eksperyment CMS przy LHC &#8212; udzia\u0142 w zbieraniu i analizie danych ze zderze\u0144 hadron\u00f3w w akceleratorze LHC w CERN Grupa Neutrinowa &#8212; udzia\u0142 w badaniach neutrin w ramach wielu mi\u0119dzynarodowych eksperyment\u00f3w Eksperyment NA61\/SHINE &#8212;\u00a0badania skupiaj\u0105 si\u0119 wok\u00f3\u0142 zderze\u0144 ci\u0119\u017ckich jon\u00f3w przy akceleratorze SPS w laboratorium CERN. &hellip; <\/p>\n<p class=\"link-more\"><a href=\"http:\/\/hep.fuw.edu.pl\/index.php\/badania\/\" class=\"more-link\">Czytaj dalej<span class=\"screen-reader-text\"> Badania<\/span><\/a><\/p>\n","protected":false},"author":2,"featured_media":0,"parent":0,"menu_order":0,"comment_status":"closed","ping_status":"closed","template":"","meta":[],"_links":{"self":[{"href":"http:\/\/hep.fuw.edu.pl\/index.php\/wp-json\/wp\/v2\/pages\/72"}],"collection":[{"href":"http:\/\/hep.fuw.edu.pl\/index.php\/wp-json\/wp\/v2\/pages"}],"about":[{"href":"http:\/\/hep.fuw.edu.pl\/index.php\/wp-json\/wp\/v2\/types\/page"}],"author":[{"embeddable":true,"href":"http:\/\/hep.fuw.edu.pl\/index.php\/wp-json\/wp\/v2\/users\/2"}],"replies":[{"embeddable":true,"href":"http:\/\/hep.fuw.edu.pl\/index.php\/wp-json\/wp\/v2\/comments?post=72"}],"version-history":[{"count":20,"href":"http:\/\/hep.fuw.edu.pl\/index.php\/wp-json\/wp\/v2\/pages\/72\/revisions"}],"predecessor-version":[{"id":499,"href":"http:\/\/hep.fuw.edu.pl\/index.php\/wp-json\/wp\/v2\/pages\/72\/revisions\/499"}],"wp:attachment":[{"href":"http:\/\/hep.fuw.edu.pl\/index.php\/wp-json\/wp\/v2\/media?parent=72"}],"curies":[{"name":"wp","href":"https:\/\/api.w.org\/{rel}","templated":true}]}}